100100010111
In base 11, what is -1 + -3011078?
-3011079
In base 4, what is -10230322 + 32321?
-10132001
In base 12, what is 282b7a95 + -4?
282b7a91
In base 3, what is -21 - 20012122000?
-20012122021
In base 8, what is 72 + -65125?
-65033
In base 6, what is -115221052 + 1150?
-115215502
In base 10, what is 27397657 + 3?
27397660
In base 7, what is -4663241 + -205?
-4663446
In base 13, what is -b90505 - 0?
-b90505
In base 3, what is -11000002 - 201001200101?
-201012200110
In base 15, what is -1e8244 + -3?
-1e8247
In base 8, what is 1266552002 - 2?
1266552000
In base 13, what is 1b5cb34 - -4?
1b5cb38
In base 7, what is 13 - 1043561?
-1043545
In base 13, what is -54 - -113c79?
113c25
In base 14, what is -76b0 - 174?
-7844
In base 8, what is -103356367 - -3?
-103356364
In base 7, what is 1310633656 - -4?
1310633663
In base 11, what is 1 + -546271?
-546270
In base 14, what is 4da5 - 24?
4d81
In base 5, what is -4001 - 10231201?
-10240202
In base 15, what is 14 - -a0630?
a0644
In base 12, what is 667b17 + 6?
667b21
In base 9, what is 0 + 26206870?
26206870
In base 13, what is -6a1b + -531?
-724c
In base 7, what is -254250601 - -4?
-254250564
In base 14, what is 5 + 5c14c8?
5c14cd
In base 14, what is 0 - 1a3bd9c7?
-1a3bd9c7
In base 2, what is 1110101 + -10000111101001001?
-10000111011010100
In base 7, what is -3364054031 - 5?
-3364054036
In base 3, what is 122000100112 - 20?
122000100022
In base 3, what is 22 + -11200110010112200?
-11200110010112101
In base 5, what is 232302 + -30211?
202041
In base 15, what is -89e - 49?
-8e8
In base 14, what is 23 + -945a5?
-94582
In base 12, what is 2026ab + -256?
202455
In base 15, what is 8e28d - -581?
8e81e
In base 11, what is 51131 + -169?
50a73
In base 13, what is 1417a - 63?
14117
In base 14, what is 93a - -6a7a0?
6b2da
In base 15, what is 6 + 93a7d?
93a84
In base 5, what is -432 + -10041431?
-10042413
In base 3, what is -200200201 + 11012?
-200112112
In base 2, what is 1001011000000000 + 101111?
1001011000101111
In base 4, what is 110131 - 12120103?
-12003312
In base 6, what is -132431 - 151444?
-324315
In base 6, what is -23043 + 20151?
-2452
In base 4, what is -10 - -233132201?
233132131
In base 9, what is -53 - -1605?
1542
In base 10, what is 355 - 115288?
-114933
In base 2, what is -1100111101011011 - 11011101?
-1101000000111000
In base 3, what is -21012020221111 - 1?
-21012020221112
In base 10, what is 4450 + -15097?
-10647
In base 9, what is 14208 - 10738?
3360
In base 11, what is 4 - 13183148?
-13183144
In base 8, what is -2067 - 10741?
-13030
In base 6, what is -1 + 2121222055?
2121222054
In base 6, what is -344404 + -135?
-344543
In base 8, what is -3027 - -56676?
53647
In base 15, what is -96 - 1eb2d5?
-1eb37b
In base 9, what is -1 - -25448458?
25448457
In base 16, what is 6093 + -a?
6089
In base 16, what is -3 - e7149?
-e714c
In base 3, what is 22102 - 210110112?
-210011010
In base 10, what is 3940 + -1203?
2737
In base 3, what is 1111202 - 102002212202?
-102001101000
In base 12, what is -140612 + -6?
-140618
In base 10, what is -27738 - 90?
-27828
In base 10, what is 0 + 11166055?
11166055
In base 2, what is 1110010011000 + -11010110?
1101111000010
In base 3, what is 1001210212 - -1011000112?
2012211101
In base 4, what is 20231122 + -311333?
13313123
In base 11, what is 2 + -874a2a?
-874a28
In base 2, what is -1001111100011111010001 + -111100?
-1001111100100000001101
In base 6, what is -341 - 2022421?
-2023202
In base 8, what is 64 - 34771?
-34705
In base 13, what is -23 - 34bcbc?
-34c012
In base 7, what is -2 - 2006330455?
-2006330460
In base 2, what is 1 - -10000101110001111?
10000101110010000
In base 16, what is -3 - 73008?
-7300b
In base 11, what is 1 + 241a2?
241a3
In base 11, what is -3 - -37384260?
37384258
In base 11, what is 47764 + -1696?
46079
In base 4, what is -311300311 - -1120?
-311233131
In base 10, what is -139911 - 155?
-140066
In base 11, what is -854256 - -1?
-854255
In base 13, what is 528364 + -5?
52835c
In base 8, what is 1 - -41110773?
41110774
In base 8, what is 543142514 + -2?
543142512
In base 9, what is 137 - -11486?
11634
In base 13, what is 8 + 70281b?
702826
In base 12, what is -116908 + 188?
-116740
In base 9, what is 248806 - -5?
248812
In base 11, what is -2541 + -55918?
-58359
In base 7, what is -430 - 3322412?
-3323142
In base 15, what is -1 - db758ac?
-db758ad
In base 7, what is -34211 + -136026?
-203240
In base 4, what is -1222001 - -1303003?
21002
In base 13, what is -19a3 - 413c?
-5b12
In base 9, what is 6 + -165007548?
-165007542
In base 10, what is -14 - 693483?
-693497
In base 9, what is 40673460 + -4?
40673455
In base 14, what is -dc + 1d3?
d5
In base 10, what is -1138865 + 239?
-1138626
In base 15, what is -c7cb71 - -28?
-c7cb48
In base 11, what is 13989 + 151?
1402a
In base 9, what is -6868 + -388817?
-406786
In base 13, what is 929c - 175?
9127
In base 8, what is 17026 - -23112?
42140
In base 5, what is 1202012013 + 40?
1202012103
In base 4, what is 33110 + 3011?
102121
In base 6, what is -3 + -522051453?
-522051500
In base 16, what is -1e0462d + 5?
-1e04628
In base 6, what is 1340 - 1210123?
-1204343
In base 16, what is 2a5b2e + 5c?
2a5b8a
In base 3, what is -10020 - -12210112112111?
12210112102021
In base 16, what is -312b242 - 2?
-312b244
In base 13, what is -19 - -977507?
9774bb
In base 12, what is -1460b9 + -a?
-146107
In base 2, what is -1001111 - 101011100001110011?
-101011100011000010
In base 7, what is 32 + 1600615?
1600650
In base 10, what is -8539 - 42069?
-50608
In base 10, what is 815227 - -6?
815233
In base 16, what is -6808 - 90?
-6898
In base 12, what is 2a8b646 + 3?
2a8b649
In base 10, what is 8 - 162727?
-162719
In base 2, what is -10 + -1011001110000111110100100010?
-1011001110000111110100100100
In base 2, what is -1001 - -1110000111110011001010000?
1110000111110011001000111
In base 8, what is 1002507 - -14?
1002523
In base 8, what is 2215 + -13632?
-11415
In base 13, what is 22361b94 + -4?
22361b90
In base 9, what is -22883737 + -5?
-22883743
In base 11, what is -11 + 103903?
1038a2
In base 5, what is 1 - 201424244?
-201424243
In base 8, what is -24447641 - -1?
-24447640
In base 5, what is 10414 - -20323?
31242
In base 8, what is 3216 - -2106347?
2111565
In base 11, what is a5 - 38009?
-37a14
In base 4, what is -10133023010 + -31?
-10133023101
In base 4, what is -200333013 - 330130?
-201323203
In base 9, what is -2 + 4006560?
4006557
In base 10, what is 446159 + 2?
446161
In base 13, what is -5008 - 4a9?
-54b4
In base 8, what is -17364 - -1040?
-16324
In base 10, what is -4 - -11717204?
11717200
In base 4, what is -2102021212 + -332?
-2102022210
In base 5, what is 10 + 413030200141?
413030200201
In base 10, what is 67094476 - -8?
67094484
In base 10, what is 84879 + 499?
85378
In base 2, what is 1110011 - -1111111110101111111?
1111111110111110010
In base 16, what is 641 - -91b?
f5c
In base 14, what is 4d4 - -8c190?
8c684
In base 12, what is -375b718 - -4?
-375b714
In base 3, what is 101101110020112 + -10?
101101110020102
In base 13, what is -8771674 - -3?
-8771671
In base 14, what is -226d8 + 564?
-22174
In base 6, what is 1051 - 11320552?
-11315501
In base 9, what is 1141 + 81211?
82352
In base 15, what is 35d + -2c39?
-28cb
In base 14, what is -4 - -dd999?
dd995
In base 5, what is -111002110 + 0?
-111002110
In base 9, what is -55220 - -4670?
-50440
In base 7, what is -4416306 + -545?
-4420154
In base 8, what is -2721201 + 134?
-2721045
In base 13, what is -11c + -32bb4c?
-32bc6b
In base 15, what is -13 + -4a729b?
-4a72ae
In base 5, what is 33043424 + 142?
33044121
In base 3, what is 120021111122102 + 10?
120021111122112
In base 3, what is 1002210000 + 1100122012?
2110102012
In base 12, what is -6a - 1b016a?
-1b0218
In base 10, what is -503856 - -14?
-503842
In base 15, what is -37e87b - -7?
-37e874
In base 13, what is 2 + -7cc7564?
-7cc7562
In base 16, what is -5b - -31564?
31509
In base 12, what is -3 - 11173b4?
-11173b7
In base 10, what is -83626 + 2688?
-80938
In base 14, what is -416ba84 + -3?
-416ba87
In base 15, what is 95da265 - 5?
95da260
In base 11, what is 0 + -1093900?
-1093900
In base 8, what is 127 + -107761?
-107632
In base 7, what is -311446653 + -3?
-311446656
In base 5, what is 111224231 - 22?
111224204
In